re the prime factors of 268413?
3, 17, 19, 277
List the prime factors of 6343421.
7, 906203
What are the prime factors of 269673?
3, 89891
What are the prime factors of 2406047?
7, 49103
What are the prime factors of 5167102?
2, 59, 43789
List the prime factors of 1633842.
2, 3, 7, 12967
What are the prime factors of 12441400?
2, 5, 62207
List the prime factors of 291785.
5, 13, 67
What are the prime factors of 12658176?
2, 3, 41, 67
What are the prime factors of 17866525?
5, 541, 1321
What are the prime factors of 10812492?
2, 3, 300347
What are the prime factors of 85328?
2, 5333
What are the prime factors of 20342576?
2, 199, 6389
What are the prime factors of 49387?
13, 29, 131
List the prime factors of 1219632.
2, 3, 25409
List the prime factors of 791535.
3, 5, 52769
List the prime factors of 697689.
3, 77521
List the prime factors of 601531.
7, 85933
What are the prime factors of 1572?
2, 3, 131
List the prime factors of 852827.
852827
What are the prime factors of 2678490?
2, 3, 5, 29761
What are the prime factors of 12371626?
2, 6185813
List the prime factors of 428069.
29, 509
What are the prime factors of 6010162?
2, 79, 38039
What are the prime factors of 1333290?
2, 3, 5, 7, 907
What are the prime factors of 1192498?
2, 179, 3331
What are the prime factors of 10804201?
151, 71551
What are the prime factors of 959042?
2, 7, 61, 1123
What are the prime factors of 572476?
2, 167, 857
What are the prime factors of 1309479?
3, 43, 10151
List the prime factors of 265527.
3, 163, 181
What are the prime factors of 915093?
3, 17, 5981
What are the prime factors of 1675408?
2, 7, 2137
What are the prime factors of 12221160?
2, 3, 5, 7, 14549
What are the prime factors of 137552?
2, 8597
List the prime factors of 23260148.
2, 17, 342061
What are the prime factors of 184023?
3, 7, 23, 127
What are the prime factors of 3702184?
2, 462773
List the prime factors of 139819.
89, 1571
List the prime factors of 6869833.
6869833
What are the prime factors of 3251101?
7, 43, 1543
What are the prime factors of 1968788?
2, 331, 1487
What are the prime factors of 1363343?
691, 1973
List the prime factors of 508694.
2, 53, 4799
List the prime factors of 73781.
89, 829
What are the prime factors of 224883?
3, 8329
List the prime factors of 14192518.
2, 17, 23, 18149
List the prime factors of 633098.
2, 23, 13763
What are the prime factors of 6311242?
2, 7, 450803
List the prime factors of 127479.
3, 11, 3863
What are the prime factors of 642417?
3, 197, 1087
List the prime factors of 457161.
3, 97, 1571
List the prime factors of 703696.
2, 7, 61, 103
What are the prime factors of 2475592?
2, 7, 44207
What are the prime factors of 132942?
2, 3, 22157
List the prime factors of 77768.
2, 9721
What are the prime factors of 1060717?
7, 151531
List the prime factors of 2765144.
2, 345643
What are the prime factors of 72582?
2, 3, 12097
What are the prime factors of 4792?
2, 599
List the prime factors of 376028.
2, 94007
List the prime factors of 2059719.
3, 23, 29851
What are the prime factors of 247554?
2, 3, 17, 809
List the prime factors of 17761038.
2, 3, 2960173
What are the prime factors of 5458718?
2, 2729359
What are the prime factors of 414564?
2, 3, 179, 193
List the prime factors of 16184846.
2, 19, 101, 4217
What are the prime factors of 14358692?
2, 41, 87553
What are the prime factors of 694724?
2, 29, 53, 113
List the prime factors of 1401421.
7, 19, 41, 257
List the prime factors of 1439317.
11, 23, 5689
List the prime factors of 1518.
2, 3, 11, 23
List the prime factors of 3147785.
5, 71, 8867
What are the prime factors of 101023?
13, 19, 409
What are the prime factors of 331847?
29, 11443
What are the prime factors of 2821946?
2, 1410973
What are the prime factors of 165637?
73, 2269
List the prime factors of 174056.
2, 21757
What are the prime factors of 128409?
3, 23, 1861
What are the prime factors of 17180230?
2, 5, 41, 41903
What are the prime factors of 1807827?
3, 7, 31, 2777
What are the prime factors of 358751?
17, 47, 449
What are the prime factors of 495732?
2, 3, 109, 379
What are the prime factors of 135811?
13, 31, 337
List the prime factors of 410481.
3, 23, 661
List the prime factors of 5456022.
2, 3, 11, 13, 6359
List the prime factors of 673977.
3, 271, 829
List the prime factors of 644338.
2, 322169
List the prime factors of 34750166.
2, 11, 1579553
List the prime factors of 26041612.
2, 23, 31, 397
What are the prime factors of 3986149?
127, 31387
List the prime factors of 125705.
5, 31, 811
List the prime factors of 988659.
3, 7, 5231
What are the prime factors of 13713099?
3, 4571033
What are the prime factors of 13116744?
2, 3, 182177
List the prime factors of 1441542.
2, 3, 240257
What are the prime factors of 13424440?
2, 5, 109, 3079
What are the prime factors of 93439?
41, 43, 53
What are the prime factors of 930890?
2, 5, 93089
List the prime factors of 301951.
13, 23227
What are the prime factors of 13584681?
3, 11, 137219
What are the prime factors of 256526?
2, 47, 2729
List the prime factors of 126350.
2, 5, 7, 19
List the prime factors of 197388.
2, 3, 5483
What are the prime factors of 140874?
2, 3, 53, 443
What are the prime factors of 1518766?
2, 643, 1181
List the prime factors of 183853.
37, 4969
What are the prime factors of 2953528?
2, 369191
What are the prime factors of 434214?
2, 3, 11, 17, 43
What are the prime factors of 9930828?
2, 3, 719, 1151
What are the prime factors of 869197?
7, 124171
List the prime factors of 2565930.
2, 3, 5, 85531
List the prime factors of 4959735.
3, 5, 11, 30059
What are the prime factors of 148417?
193, 769
What are the prime factors of 400974?
2, 3, 7, 9547
List the prime factors of 1291715.
5, 19, 13597
List the prime factors of 42253.
29, 31, 47
What are the prime factors of 287033?
19, 15107
List the prime factors of 585717.
3, 11, 17749
What are the prime factors of 40366674?
2, 3, 83059
What are the prime factors of 31871879?
13, 89, 163
List the prime factors of 3138592.
2, 98081
What are the prime factors of 8234640?
2, 3, 5, 11437
What are the prime factors of 1041206?
2, 487, 1069
What are the prime factors of 1816212?
2, 3, 17, 29, 307
What are the prime factors of 305958?
2, 3, 50993
List the prime factors of 274815.
3, 5, 31, 197
What are the prime factors of 170375?
5, 29, 47
What are the prime factors of 425706?
2, 3, 70951
List the prime factors of 326574.
2, 3, 18143
List the prime factors of 26128541.
17, 283, 5431
List the prime factors of 3981822.
2, 3, 13, 71, 719
What are the prime factors of 38252?
2, 73, 131
List the prime factors of 770282.
2, 385141
What are the prime factors of 1130062?
2, 349, 1619
List the prime factors of 548430.
2, 3, 5, 101, 181
List the prime factors of 522262.
2, 13, 53, 379
What are the prime factors of 1330730?
2, 5, 133073
What are the prime factors of 6259690?
2, 5, 625969
List the prime factors of 2002936.
2, 13, 19259
What are the prime factors of 848983?
848983
List the prime factors of 14955253.
79, 189307
List the prime factors of 6844014.
2, 3, 83, 509
List the prime factors of 1332967.
47, 79, 359
What are the prime factors of 1084147?
1084147
What are the prime factors of 201876?
2, 3, 16823
What are the prime factors of 511006?
2, 255503
List the prime factors of 56208.
2, 3, 1171
What are the prime factors of 2359160?
2, 5, 58979
List the prime factors of 248644.
2, 11, 5651
List the prime factors of 554664.
2, 3, 11, 191
List the prime factors of 109500.
2, 3, 5, 73
List the prime factors of 456790.
2, 5, 17, 2687
What are the prime factors of 13244?
2, 7, 11, 43
List the prime factors of 720204.
2, 3, 60017
List the prime factors of 348948.
2, 3, 359
List the prime factors of 1889881.
7, 38569
What are the prime factors of 1548686?
2, 774343
List the prime factors of 98705.
5, 19, 1039
List the prime factors of 1432402.
2, 59, 61, 199
What are the prime factors of 55497?
3, 13, 1423
List the prime factors of 355392.
2, 3, 617
What are the prime factors of 128183?
11, 43, 271
What are the prime factors of 337992?
2, 3, 14083
List the prime factors of 6179988.
2, 3, 101, 5099
What are the prime factors of 4893253?
4893253
List the prime factors of 19759600.
2, 5, 7, 7057
What are the prime factors of 